)/(-4) - 110/(-40). Suppose -p = m*j - 226 - 835, j - 2107 = -2*p. Suppose 0 = l + 3*l - p. Is l a composite number?
False
Let w(k) = 2*k**2 - 18*k + 1. Let n be w(-13). Is (20/6 - -4)*n/2 a prime number?
False
Let g(q) = 258*q - 49. Is g(6) a composite number?
False
Suppose 529 = 3*y + 1489. Let a be ((-144)/15)/(12/y). Let i = -177 + a. Is i composite?
False
Let a(s) = -s**2 - s + 12*s**2 + 209 - 4*s**2 - 9*s**2. Is a(0) prime?
False
Suppose 3*z - 2 = -5*o + 5*z, -5*z + 10 = -5*o. Suppose -3*y = -1868 - 547. Suppose y = o*f + 3*i, 0 = -5*f + 2*i + 93 + 1910. Is f prime?
True
Let q(o) be the second derivative of -o**3/6 + 83*o**2/2 + 17*o + 2. Suppose 3*x = -x. Is q(x) a prime number?
True
Let g = 5447 + -3498. Is g composite?
False
Suppose 68 = 2*f + 3*f + 3*b, 5*f + b = 66. Suppose 2496 = 5*y - f*y. Let j = 785 + y. Is j a prime number?
False
Is ((-6275)/10)/((-6)/12*1) prime?
False
Suppose -3*g = 2*g + 25, -p + 3 = 5*g. Suppose 4*r - 4*z = p, -5*r - 2*z + z = -17. Is ((-19)/2)/((-1)/r) prime?
False
Let c be 74 + (-7)/(21/9). Let a be 1 + c*10 + 4. Suppose -2*g + u = -a, 3 = -5*u - 22. Is g composite?
True
Let s(z) = 721*z**3 - 4*z**2 - 6*z + 36. Is s(5) composite?
False
Let m(h) = h**3 + 19*h - 4*h**2 - 10 - 29*h + h**2. Let n be m(8). Let g = n - 151. Is g a composite number?
False
Let q = 4035 + 23014. Is q a prime number?
False
Let y(p) = 5*p**2 - 5*p - 8. Let u be y(8). Suppose 3*i + u + 295 = 0. Let f = 1108 + i. Is f composite?
False
Suppose 12*m - 4056 = 8*m. Suppose c - 3847 = m. Is c prime?
True
Let g be -318 + -1 + -4 + 5. Let i = 1195 + g. Is i a composite number?
False
Let a be ((-114)/(-95))/(3/10). Is (-2 - 12/(-3))/(a/1706) composite?
False
Suppose k = -a + 6*k + 2143, 2153 = a + 5*k. Let f = -1111 + a. Is f composite?
True
Suppose -4*f = -30335 - 13557. Is f prime?
True
Let i(z) = -z**3 + z + 4. Let t be i(0). Let f(k) = -25*k - 1. Let v(l) = -26*l. Let w(d) = 5*f(d) - 6*v(d). Is w(t) composite?
True
Let y(a) = 293*a**3 + 2*a**2 + 5*a + 1. Is y(4) a composite number?
True
Suppose 8*y - 3*y = 15. Suppose 21 = -6*m + y. Let b = 136 + m. Is b composite?
True
Suppose w + 2*c + 3 = 0, 3*w - 2*c = w. Let t(b) = -18*b**3 - b**2 + 1. Let l be t(w). Suppose f - 103 = l. Is f a composite number?
True
Let o(j) = 1979*j + 110. Is o(3) prime?
True
Suppose 0 = 2*w + q - 9498, 26*w = 24*w + 4*q + 9518. Is w a composite number?
False
Let k(g) = g**2 + 10*g. Let l be k(-12). Suppose l = -3*q + 8*q - 3*p, 4*q - 4*p - 24 = 0. Suppose 55 = -q*i + 256. Is i prime?
True
Suppose b + 0*u - 2*u = 8875, 0 = 4*b - u - 35486. Is b prime?
False
Let t be (-2 + ((-77)/(-3) - -4))*-6. Is (12 + -1)/((-2)/t) a prime number?
False
Let o be (-15 + 14)/((-1)/5). Suppose 3*z - o*k + 16 = 0, 2*z - k + 16 = 3. Let a(m) = -162*m + 17. Is a(z) composite?
False
Suppose -358*c = -392*c + 684386. Is c a prime number?
True
Let t = -13 + 7. Let m be (-168)/(-30) + t/10. Suppose -l - l + 604 = 5*p, 4*l + m*p - 1218 = 0. Is l prime?
True
Suppose -6*j = -2001 - 2499. Let c = 1931 - j. Is c prime?
True
Is -1*(-6 - (-3451)/(2 - 9)) composite?
False
Let n(y) = 1115*y**3 - y + 1. Let s(p) = 2*p + 9. Let d be s(-4). Is n(d) a prime number?
False
Suppose 0 = -4*p + 5*v + 4629, 5811 = 5*p + 2*v - 0*v. Suppose 6*m - p + 183 = 0. Is m composite?
False
Suppose -10*g - 61656 + 19656 = 0. Let c = -2047 - g. Is c a composite number?
False
Let k(g) = 3*g**3 - 3*g**2 - g + 6. Let z be k(-3). Let m = 712 + z. Is m a composite number?
False
Suppose 1752 - 352 = 4*l. Let m be 4/7 - (-77136)/(-336). Let h = l + m. Is h composite?
True
Suppose -4*t - 45 = -37. Is (-36430)/(-15) + t/(-6) a prime number?
False
Suppose -5*m + 1847 = 3*w, w - 9 = -5. Let x = -258 + m. Is x composite?
False
Let v = -7 - -10. Suppose 11 - v = 4*s, 3*z - 2*s + 1 = 0. Let k(c) = 238*c - 1. Is k(z) prime?
False
Suppose 6*q - 54 = 3*q. Let c be ((-8862)/q)/((-1)/(-3)). Let p = c - -2364. Is p a composite number?
False
Is (-612552)/(-32)*28/21 a prime number?
True
Suppose g - 2 - 2 = 2*z, -3*g - 3*z = 24. Let h be (3 + 1)*(-2)/g. Suppose h*x - 80 + 2 = 0. Is x a prime number?
False
Is (2/(6/(-69)))/(4/(-188)) a prime number?
False
Let v(l) = 20*l**2 + 9*l + 5. Let g be v(-3). Suppose -198 = -4*i + g. Is i composite?
False
Let i be (-20)/8*1896/(-20). Let p be (-1 + (-10)/(-4))*2. Suppose i = p*b + 3*v, -2*v - 14 = -b + 65. Is b prime?
True
Suppose 3295 = 14*g + 341. Is g prime?
True
Let o = 104 - 64. Let p = o + -36. Suppose 4*l + m + 16 = 226, p*m = 5*l - 273. Is l a composite number?
False
Suppose -427713 = -12*z - 21*z. Is z composite?
True
Let v(u) = 53*u**2 - 1. Let j be v(-1). Let z be 2 + 4/2 + 41. Suppose -r + j = -z. Is r composite?
False
Suppose 0*q = -2*q - 2, 2*q - 232 = -3*r. Suppose -r = -p - 23. Is p a prime number?
False
Suppose 5*u = 5*d + 15, 4*d + 3*u - 11 = 5. Is 144/20 + d/(-5) prime?
True
Let z(q) = 6*q**2 - 10*q - 9. Let m be z(-6). Suppose -3*k = -0*k - m. Is k composite?
False
Suppose -402 = 3*a + 3*p - 23178, -p - 7590 = -a. Is a composite?
False
Is 6018/(-153)*(443/(-2) - 2) prime?
False
Suppose 31105 - 5247 = 2*x. Is x composite?
True
Suppose 5*v - 3*i - 17 = 8, -15 = -3*v - 2*i. Suppose v*j + 2*g + 3*g = 1865, -2*j = -3*g - 721. Let l = -241 + j. Is l a composite number?
False
Suppose -b + 41 = 5*l + b, 42 = 4*l - 3*b. Suppose -l = -a + w + 3, 5*w = a - 24. Suppose -h + 37 = -a. Is h a prime number?
False
Suppose 11375 + 4739 = 14*z. Is z composite?
False
Let i = -25595 + 46544. Is i composite?
True
Let a(j) be the second derivative of -7*j**5 - 10*j - 5/2*j**2 - 2/3*j**3 - 1/6*j**4 + 0. Is a(-2) prime?
False
Let r = -16 + -11. Let a be (-6)/((6/14)/((-20)/7)). Let d = r + a. Is d composite?
False
Suppose -5*i + 4*r = r - 3542, -i = r - 702. Suppose -4*c + i = -2*c. Is c a prime number?
True
Suppose 0 = 12*w - 9*w - 1011. Is w a prime number?
True
Let c = -1 + 4. Let k be 14/6 - 1/c. Is 213 + 1/(1/k) composite?
True
Suppose 0 = -5*x + 2*l - 73, -3*x - 32 - 18 = 5*l. Let t be 8/(-5)*x/6. Suppose 4*v + 1075 = 5*f, 4*v = -t*f + 8*f - 860. Is f prime?
False
Suppose -5*n - 141 = -2*p, 0*n = 2*p + 5*n - 171. Suppose s - 971 = -p. Is s composite?
True
Let b = 869 + 1288. Suppose -2*i + b = i. Is i a prime number?
True
Let m be ((-12)/30)/((-1)/5). Is m*(-1572)/(-8) - 4 a composite number?
False
Is 24*518385/294 + (-1)/7 composite?
True
Suppose s - 4*s + 2713 = t, 2*s = 5*t + 1786. Suppose -g = 3*z - 7*z + 718, -s = -5*z + 4*g. Suppose -4*h + z = 47. Is h a composite number?
True
Suppose -10*p + 28515 = 5*p. Is p a composite number?
False
Let x be 1/(-7) + 1347/21. Suppose 0 = x*r - 57*r - 23681. Is r a composite number?
True
Let n(v) = 5*v**2 + 2*v - 1. Let m be n(1). Is -1693*((-2)/6)/(2/m) composite?
False
Let v(u) = u**3 + 9*u**2 + u + 11. Let n be v(-9). Suppose n*a + 3 = 9. Suppose -a*f - 3*b = -33 - 2331, 0 = 3*f - b - 2376. Is f composite?
True
Let m = 25 - 21. Let n be (2 + m)*(-2)/(-4). Suppose -n*z + 760 = 49. Is z composite?
True
Suppose 0 = 3*h - 3 - 3. Suppose 0 = -3*j + 12, -h*m - 5*j = -j - 20. Suppose f - 1101 = -m*f. Is f composite?
False
Let z(f) = -8*f**3 + 6*f + 3. Let k(p) = p**3. Let s(v) = 4*k(v) + z(v). Is s(-4) composite?
True
Suppose j + 249 = -4*s, j - 5*j - 1066 = 2*s. Let i = j - -606. Is i composite?
False
Let l(z) = z**2 + z + 1. Let g(d) = -7*d**2 - 12*d - 8. Let x(j) = g(j) + 6*l(j). Let s be x(-5). Suppose 5*i + 553 = 4*n - s*n, 0 = n - 4*i - 553. Is n prime?
False
Suppose 0 = 67*n - 114372 - 86293. Is n composite?
True
Let o be 62/4 + (-3)/6. Let b = o - 15. Is (-291)/(-3) + b/1 prime?
True
Let z = -3019 - -1337. Let s = -1009 - z. Is s composite?
False
Suppose -5*d - 2*u + 11 = -97, -72 = -3*d - 3*u. Let s be (-4*1)/(d/(-15)). Suppose -5*x = 2*i - 121, -x + 18 + 14 = s*i. Is x a composite number?
False
Let f(i) be the second derivative of 7*i**3/6 - 3*i**2 - 5*i. Let x be f(9). Suppose 102 = 3*m - x. Is m composite?
False
Let t be (-1 - (4 - 4)) + 1. Suppose t = -8*f + 549 + 755. Is f a composite number?
False
Suppose -1433*r + 1432*r = -1191. Is r a composite number?
True
Let t(a) = 22*a**2 - 7*a + 65. Is t(-18) prime?
False
Let k = -78 - -190. Is 67/(4/k*4) composite?
True
Let o be 0 + 0 + 2 + 19. Let j = 21 - 31. Let l = o - j. Is l composite?
False
Let d